at is the value of 6 - (32 - 14) - -16?
4
Evaluate 8 - 2 - (1 - -6) - 5.
-6
What is the value of 144 + -159 - (1 + -15)?
-1
What is the value of (-3 + 8 - 2) + 3 - 6?
0
Evaluate -2 + (5 - -3 - 5).
1
Calculate -28 + 16 + 16 - (3 - 1).
2
-5 + (-1 - 2 - -3) + 2
-3
Calculate -7 + -5 + (6 - -1) + 6.
1
Evaluate 5 + (-2 - 0) + (9 - 9).
3
Evaluate (-4 - -12 - 15) + 0.
-7
-3 + (-6 - (-3 + -1))
-5
(-1 - -18) + 12 + -19 - 5
5
What is -5 - (-5 + (4 - 2))?
-2
Calculate -6 + 2 + -1 + (1 - -2).
-2
What is 2 - ((2 + -5 - -3) + 5)?
-3
Calculate 1 + -1 - (-6 - -10).
-4
Calculate -22 + (-10 + 7 - -15).
-10
Evaluate 15 + (-9 - 4 - -8).
10
1 + 1 - (12 + 2 + -13)
1
Calculate (-2 + 1 - -10) + (19 - 23).
5
-74 + 83 + (-5 - -1)
5
3 + -7 + 10 + -9
-3
What is the value of (-27 - -21) + 0 + 7 - 8?
-7
What is -1 + (13 - 6) + (-2 - -3)?
7
1 + -2 - (-1 + 2 + -1)
-1
What is (-4 - (-12 + 3)) + -4?
1
-2 + -3 - 3 - -13
5
What is the value of 2 - (6 + (4 - (-2 - -14)))?
4
Evaluate -1 + -5 + (-5 - (2 - 19)).
6
1 - -2 - (0 + 1)
2
Evaluate 11 + -13 - (0 + -5).
3
Calculate (-5 - 2) + 9 - (-1 + 0).
3
What is (-3 - (-2 - -3)) + 4?
0
Evaluate 11 + (-3 + 10 - 11) + -15.
-8
What is the value of 25 + -22 - (0 + 1)?
2
What is the value of (-1 + 1 - (-4 + -2)) + 1?
7
What is -18 + 22 - (6 + -4 + -2)?
4
What is (-2 - 0) + 2 - 2 - -6?
4
What is the value of 7 + (3 + -3 - 3 - 0)?
4
Evaluate 1 - -4 - (-12 - -18).
-1
What is -2 + -1 + (-2 - (-4 - -5))?
-6
Evaluate -13 + 19 - (3 + -4).
7
Evaluate 0 - (-4 + (4 - -4)).
-4
Calculate 1 + 1 + (2 - 7).
-3
What is 2 - (-5 - (0 + (2 - 7)))?
2
Evaluate -1 + (-6 - -13) + -6 - -5.
5
What is the value of (-3 - -7 - 1) + (5 - 8)?
0
What is (0 - -2) + (-6 + 11 - 2)?
5
Calculate (-2 - -3) + 10 + -16 + 8.
3
What is -2 + (-7 - -4) + 4?
-1
What is 6 + -10 + 1 - -1?
-2
8 + -26 + 21 + -3 + 2
2
What is (-2 - (4 - 2)) + (0 - -1)?
-3
Calculate (-4 - -2) + 3 + (-4 - -7).
4
What is -16 + 4 + (2 - -5)?
-5
Evaluate 5 - (7 + 2 + -5).
1
5 + (-3 - (6 - 0))
-4
Calculate 4 - (7 - 9) - (-2 + 2).
6
What is 7 + 1 + (-24 - -17)?
1
Calculate -7 + 12 + -8 - 3.
-6
Evaluate -1 + -2 + -13 + 16.
0
Evaluate (-9 - -4) + 2 - 0.
-3
7 - (4 + -2 - 0 - -1)
4
What is (16 - 25) + -1 + 4 + 2?
-4
What is the value of -4 + 5 + -11 - -8?
-2
Evaluate (-1 - -1) + -3 + -5 + 8.
0
What is (-2 + -5 + 6 - 6) + 2?
-5
Calculate -3 - ((5 - 17) + 5).
4
Calculate 0 + -5 + (17 - 12).
0
What is 114 - 113 - (2 + (-1 - 3))?
3
(1 - (4 - 3)) + (-3 - -1)
-2
Evaluate -8 + -3 + (14 - 8).
-5
What is 1 - (-2 + 1 - -5)?
-3
Evaluate 1 + (1 - -2) - (-27 + 29).
2
4 + 5 + 1 - 7
3
Calculate (-12 - (1 - 13)) + (1 - 0).
1
What is the value of (5 - (11 - 9)) + -6?
-3
What is the value of -3 + 2 + 3 + -3?
-1
Evaluate -3 + 7 + -2 + -3.
-1
-3 - (-3 + 0 - (-7 + 6))
-1
What is 9 - (-4 + (4 - -8) + -1)?
2
What is -15 + (2 - -2) + 6?
-5
Calculate 10 - (-10 + 8 + 11).
1
What is (4 + 5 - 4) + -6?
-1
Calculate 6 + 6 + -9 + -6.
-3
What is the value of 11 - -3 - 2 - (-15 - -21)?
6
What is 1 - (-2 - (3 + -3 + 1))?
4
What is 15 - 15 - (6 - 6)?
0
What is the value of 18 + -17 + -2 + -4?
-5
Evaluate 1 - (5 + -3) - (-1 - -1).
-1
(0 - -3) + -1 - (-2 + 10)
-6
Calculate 1 - 1 - ((-7 - -2) + 5).
0
Evaluate (2 - -1) + (-10 - -8) + -1.
0
-3 + -7 - (0 - (-1 + 6))
-5
What is 1 + (1 - (-1 + 1) - -3)?
5
Evaluate 0 - (2 - -1) - (0 - 3).
0
Evaluate -1 - ((-13 - 1) + 5 - 0).
8
Evaluate -4 + -5 + 2 + 12.
5
Evaluate 9 + (0 - (-2 + 13)).
-2
What is the value of (-9 - -7 - 4) + -3?
-9
Evaluate -7 + 17 + -10 - (-2 - 0).
2
Calculate 0 - -9 - (59 - 55).
5
What is -6 + (1 - -8 - 2)?
1
What is -3 - -1 - ((2 - 0) + -2)?
-2
4 + -1 + 4 + 3 + 0
10
What is the value of 5 - ((-2 - -6) + 2 + -6)?
5
What is -3 - (-3 - (-6 - -8) - -9)?
-7
What is the value of (8 - 3) + 0 + -8?
-3
What is (-2 - -2) + 2 + (-136 - -138)?
4
What is the value of (3 - 7) + 18 + -10?
4
What is -5 - ((3 - (-2 + 2)) + -13)?
5
Evaluate 2 + -3 + -1 + 5.
3
What is the value of -23 - -24 - (1 + 3)?
-3
Evaluate (-4 - 3) + (6 - (-8 - -7)).
0
What is the value of 5 - (7 + -2) - 4?
-4
Evaluate (-10 - -9) + 2 + -11 + 2.
-8
Calculate -1 + 0 + -1 + (7 - -2).
7
What is the value of (-9 - 0) + (0 - 1 - -5)?
-5
What is the value of (-1 - -7 - (58 + -53)) + 2?
3
Evaluate (-4 - -2) + (13 - 14).
-3
Evaluate 0 + (2 - 3) - 0.
-1
Calculate 7 - (11 - (2 - -5)).
3
What is (-20 - (9 - 18)) + 4?
-7
-5 - (-5 + 5 + -4 + -2)
1
Calculate -24 - -31 - (-1 - -13).
-5
4 - (0 - (2 - (11 - 3)))
-2
Calculate -8 - (-3 - (5 + -4)).
-4
What is (-5 - -14 - 5) + -2 + 2?
4
What is the value of (11 - 20) + 2 + 0?
-7
What is -5 + 4 + 1 + -2?
-2
-17 - -6 - -13 - (1 - -5)
-4
Calculate 1 - (-1 + -1) - (29 - 21).
-5
Evaluate (1 - 3) + -1 + (6 - 1).
2
Calculate -4 + -2 - (3 - 14).
5
Calculate -2 - (-1 + -4 + 3 + 3).
-3
Evaluate -16 + 1 + (14 - 8) - -4.
-5
Calculate 6 + 1 - (-37 + 38).
6
What is the value of 11 + -14 + (10 - 1)?
6
What is (13 - 18) + 4 + 0?
-1
What is the value of 7 - (2 + -6 + 6)?
5
What is the value of (-5 - -8) + 2 + 0?
5
0 - (3 + 3 + 9 + -12)
-3
Calculate 1 + -4 + 0 + -2 + 5.
0
What is the value of (-1 - (0 - 3)) + 3?
5
What is -1 + -4 + -4 + 7?
-2
-5 + 16 - (4 - -1 - -3)
3
(-2 - 0) + (5 - 3)
0
Evaluate 38 + -44 + (-2 - 0) + 5.
-3
Calculate -8 + 0 + (-13 - -21).
0
Calculate -5 + 4 + (-3 - -2).
-2
Calculate 5 - (0 - (10 + -6 - 3)).
6
-12 + (-3 - (-9 - -3))
-9
What is -2 + (12 - 12 - 3)?
-5
Evaluate 51 + -50 - (1 + 0).
0
What is 1 + -10 + -5 + 10?
-4
What is the value of -7 + (-5 - (-18 - -3))?
3
Calculate 5 + 1 + -3 + (6 - 8).
1
What is -8 + (-4 - -6) + -2 + 4?
-4
What is the value of 9 + (-7 + (-1 - 0) - -4)?
5
12 - 1 - (25 + -18)
4
Evaluate -9 + -1 - (-82 + 68).
4
What is (-3 - -4) + 0 + -6?
-5
Evaluate (0 - 3) + (-3 - (-8 - -5)).
-3
6 - (-9 + 7 - -10)
-2
Evaluate -3 + 6 + -8 + 8.
3
Evaluate 5 - (-1 + 5) - 3.
-2
2 + 2 + -3 - (1 + 3)
-3
21 - 35 - (-5 + -3)
-6
What is the value of (-2 - 0 - -6) + -4 + 1?
1
Calculate 8 + -12 + (-1 - -5) + -3.
-3
What is the value of (-16 + 11 - -1) + 9 + 2?
7
-7 - (-1 + 2) - 0 - -3
-5
What is 0 + 1 + 2 + 2?
5
Calculate -7 - ((1 - 22) + 9).
5
Calculate 6 + -3 + (-3 - 4) - -5.
1
What is 10 - (8 + 0 - -6)?
-4
What is the value of (13 - (26 + -14)) + -8?
-7
Evaluate 9 + -7 + -8 + 12.
6
Evaluate 69 + -58 + -12 + 1.
0
What is 1 - (-15 + 12 + (-2 - -1))?
5
Calculate -7 - -1 - (6 + -15 + 6).
-3
-4 + 0 + 10 + 1 + -3
4
Calculate (-8 - -14) + -10 - -4.
0
What is the value of 0 - 0 - (10 - 1 - 13)?
4
What is 7 + 4 + -21 + 11?
1
What is the value of 6 + -4 + -11 + 17?
8
Calculate 0 - (-4 - (-3 + -2)).
-1
5 + -7 + (4 - (-4 - -6))
0
Calculate -1 - 8 - (-9 + -2).
2
What is the value of 4 + -11 + 6 + 0 + 0?
-1
What is the value of (-11 - -4) + (-4 - -8) + -2?
-5
Calculate -2 + -5 + 4 + -1.
-4
What is the value of 6 + 0 - 3 - 3?
0
5 + -15 + (4 - -2)
-4
What is 12 + (0 - 10 - 4)?
-2
Calculate -1 + (-2 - 0) - (-9 - -4).
2
What is -6 + 11 - (-2 - -7)?
0
What is the value of (-11 - 1 - -4) + 6?
-2
What is the value of 2 + (11 + -6 - 11) + 7?
3
Evaluate 8 + (5 - 1 - 12) + -2.
-2
-1 - (2 + 4 + -11)
4
-14 + 9 + (0 - 1)
-6
-5 - (6 + -5 + -6)
0
Evaluate -6 + (10 + -4 + 7 - 7).
0
-1 - (5 - (5 - -2))
1
Calculate 2 + 0 + -5 + -1 + 3.
-1
-8 + (-3 + 4 - 0) + 3
-4
Evaluate 4 + -4 + -1 + 5.
4
Calculate (-12 - -3) + 1 + 3.
-5
What is the value of 1 - 1 - (2 + -7)?
5
-4 - (-2 - 0 - -2) - 1
-5
Evaluate -3 + -1 - (-4 + 5 + -5).
0
(32 - 42) + 4 + 1
-5
Calculate (-2 - 2) + 2 - (-1 - 4).
3
What is -3 - (-1 - 5 - 2)?
5
-6 - (-3 + 0) - -1
-2
What is the value of (2 - -1) + 0 + -5 + 3?
1
0 - (10 - (3 + -2 + 5))
-4
What is the value of 3 + -2 - (1 - 3) - 2?
1
-2 + (5 - 3) + (-3 - -8)
5
What is the value of 12 + 7 + -26 - 1?
-8
Evaluate 3 - (-4 - -11 - 0).
-4
Evaluate (2 + -2 - (16 - 22)) + -7.
-1
What is the value of (3 - 18) + (47 - 39)?
-7
What is the value of 7 + (12 - (6 + 12))?
1
What is (13 - -4) + -32 - (-8 - -1)?
-8
Calculate -7 + (6 - 7) + 7.
-1
Calculate -5 - (-6 + -2 + 2 + 4).
-3
Evaluate 7 - 3 - (0 - (-1 - 2)).
1
What is the value of -9 + 3 + 1 - 0?
-5
19 - (9 - -1) - (0 + 3)
6
What is 0 + (-1 + 3 - -2)?
4
What is the value of -4 + -10 + 3 - (1 + -6)?
-6
What is -8 + -2 + 9 + -2?
-3
Evaluate 1 + (-4 - -2) + 5.
4
What is -1 - ((4 - 5) + 3)?
-3
Evaluate -8 + 4 + 7 + -6.
-3
Evaluate 3 + 11 + -6 + -5.
3
What is the value of 2 - (7 